4. Let q = 21 - 9. Let o = q + -1. Calculate the highest common divisor of t and o.
11
Suppose 2*i - 154 = -3*x, -5*x = -x - 5*i - 213. Let j be (-1815)/(-132) + 6/(-8). Calculate the greatest common divisor of j and x.
13
Suppose 0 = -23*v - 355 + 3874. What is the highest common divisor of 136 and v?
17
Let g be 37*13*2/(-8)*-4. Calculate the highest common divisor of g and 13.
13
Suppose -38*s = -33*s - 225. What is the greatest common divisor of 10 and s?
5
Suppose -36 = -3*h + 4*i, -h + 20 = -10*i + 6*i. Calculate the highest common divisor of h and 8.
8
Let f be (2/3)/((-3)/(-117)). Suppose 156 = -22*o + 34*o. Calculate the greatest common divisor of o and f.
13
Suppose -3*p + 4*p = 2. Suppose -2*g - p*g + 180 = 0. Let b be 80/(-440) + 332/11. Calculate the greatest common factor of b and g.
15
Let h be (-1)/((10/56)/(-5)). What is the highest common factor of 98 and h?
14
Let t be (114/(-5))/(48/(-120)) - -3. Calculate the greatest common divisor of 45 and t.
15
Suppose -477 - 651 = -47*k. Suppose 96 = 7*r - 3*r. What is the greatest common factor of r and k?
24
Suppose -26*l + 25*l = -2. What is the highest common divisor of l and 77?
1
Suppose -5*t = -15, 3*j + 5*t = 523 - 160. What is the greatest common divisor of j and 493?
29
Suppose 0 = -5*k - 2*j + 31, -3*k = 5*j - 0*j - 30. Let a = 35 - 50. Let t be (108/a)/(k/(-25)). Calculate the greatest common factor of t and 4.
4
Let m be (-42)/63 - (-274)/6. Calculate the highest common divisor of m and 105.
15
Let x(s) be the second derivative of -7*s**3/6 - 11*s**2 - 4*s. Let h be x(-7). What is the greatest common factor of h and 9?
9
Let w(j) = j**3 - 3*j**2 - 9*j + 12. Let g be w(6). Suppose 0 = -t + 4*s + 2, 0 = -3*t - 3*s - 0*s + g. What is the greatest common factor of 2 and t?
2
Let a = -887 - -907. What is the greatest common divisor of 15 and a?
5
Let w(l) = l**3 + l - 5. Let t be w(0). Let z be 5 + (0 - -2) + t. Suppose 7*b - z*b - 540 = 0. Calculate the greatest common divisor of b and 12.
12
Let y(a) = a + 13. Let v be y(-18). Let d(p) = -p**2 - 7*p - 8. Let s be d(v). Let u be (s - -88)*(-10)/(-6). Calculate the greatest common factor of u and 15.
15
Let l be (-5)/(-2) - (-21)/42. Let i be (-1 + l/9)*(-52 - 2). What is the greatest common divisor of 12 and i?
12
Suppose -1161*z + 1162*z - 4 = 0. Calculate the highest common factor of z and 3.
1
Let n be -2 + 4 + 2*-5. Let b be n/(-2) - (-8)/(-2). Suppose b = -5*g + g + 24. What is the highest common factor of 9 and g?
3
Let d = -73 + 108. Let g = 37 - d. Calculate the highest common divisor of 16 and g.
2
Let a = 1465 - 1383. What is the greatest common factor of 2 and a?
2
Let o be (1210/(-77))/(10/(-70)). Calculate the highest common divisor of 748 and o.
22
Let c = -44 - -68. Let y(m) = -4 + 5 - 2*m + 0. Let j be y(-1). Calculate the greatest common factor of c and j.
3
Suppose -y = -11*y + 180. Calculate the greatest common divisor of 162 and y.
18
Suppose -5*y = -26 + 66. Let h be 2/y - 12430/(-88). Suppose -3*l = -3*m - h, 3*m - 327 = -4*l - 118. Calculate the greatest common divisor of l and 20.
10
Suppose 4*v + g - 2*g = 52, -v - g = -18. Let w = 22 + 13. What is the greatest common divisor of w and v?
7
Let x(l) = -l**3 + 28*l**2 - 27*l + 18. Let a be x(27). Suppose -2*f = 97 - 737. Let z = f - 194. What is the highest common divisor of z and a?
18
Suppose 5551 = 9*q - 1199. Suppose d + 2*x = 3*d - 370, 4*d + x - q = 0. What is the highest common factor of d and 17?
17
Suppose 4*k - 2*l - 178 = 0, -104 = -k - k - 4*l. Suppose 0 = q - 7*p + 4*p + 28, 5*q + 4*p = -83. Let y = q + k. What is the highest common factor of 9 and y?
9
Let n = 24 + -23. Suppose 11*s = 10*s + n. Let c be (-2)/(-7) + (-24)/(-14). What is the highest common divisor of s and c?
1
Let z be (-8)/(-6)*(1 - -20). Suppose -5*q - 638 = 4*p, 2*q = -4*p + 3*q - 626. Let n = -143 - p. Calculate the greatest common divisor of z and n.
14
Let w be (19/(-2))/(((-189)/18)/21). What is the greatest common factor of 57 and w?
19
Let o(h) = h + 9. Let d(m) = -4*m**2 + m. Let c be d(1). Let t be o(c). Calculate the greatest common factor of t and 6.
6
Suppose -57*t + 59*t - 4 = 0. What is the highest common factor of t and 12?
2
Let m = -2304 - -2856. Calculate the highest common divisor of 36 and m.
12
Suppose 0 = 18*d - 117 + 45. Calculate the greatest common factor of d and 292.
4
Let q be ((-130)/(-78))/((4/(-6))/(-2)). Suppose 8 = -q*k + 73. Calculate the greatest common divisor of 65 and k.
13
Suppose 1260 = -769*o + 774*o. What is the greatest common factor of 140 and o?
28
Suppose -4*n + 1394 = -5*i, 4*i = 15*n - 18*n + 1061. What is the highest common divisor of 39 and n?
39
Suppose 2*u + 3*h - 5*h = 10, 5*u + 5*h - 15 = 0. Let l = -23 + 27. Calculate the greatest common divisor of u and l.
4
Let a be (11 - -4) + (-4)/(16/(-20)). Calculate the greatest common divisor of 60 and a.
20
Let l(t) = -14*t - 4*t**2 - 10 - 4*t**2 + 0*t - t**3 - 5*t**2. Let b be l(-12). Calculate the highest common divisor of b and 98.
14
Let n(y) = 2*y - 4*y**2 - 2 + 0*y**3 + 2*y - y**3 - 7*y. Let q be n(-4). Suppose -q = -5*z - 0. Calculate the greatest common factor of z and 20.
2
Let b(h) = h**3 + 28*h**2 + 30*h. Let l be b(-27). Let w = -75 - l. What is the greatest common factor of 114 and w?
6
Let r be ((-20)/(-14))/((40/(-35))/(-8)). Calculate the greatest common divisor of r and 160.
10
Suppose 1323 = -7*y + 1463. What is the highest common factor of y and 1010?
10
Let g be (50/(-5) + 1)*-109. What is the highest common divisor of g and 9?
9
Let q(s) be the third derivative of -s**6/120 - s**5/12 + s**4/12 + 3*s**2. Let j be q(3). Let f = -42 - j. Calculate the highest common factor of f and 6.
6
Suppose b = -3*s + 2*b - 2, -s = 2*b - 4. Let w be 48/6 - (s - -2). What is the highest common divisor of w and 2?
2
Suppose -11 + 19 = 2*o. Calculate the highest common divisor of 52 and o.
4
Let o(b) = -41*b - 1. Let d be o(-1). Suppose d = 3*p + 2*p. Suppose -7*t - 241 + 353 + 336 = 0. Calculate the greatest common factor of p and t.
8
Suppose 11*y = 10*y - 20. Let u be -1 + 132/(y/(-5)). Calculate the greatest common factor of u and 8.
8
Suppose 52 = 4*x - 12. Let t(l) = -l**3 - 12*l**2 + 2*l + 26. Let w be t(-12). What is the highest common divisor of x and w?
2
Let m = -83 + 65. Let u be (-4)/(-8) + m/(-4). Calculate the highest common divisor of 45 and u.
5
Suppose 5*o = 753 + 447. Suppose -4*n + o = -n. Let g be 15/(-35) - 73/(-7). Calculate the greatest common divisor of g and n.
10
Let c be 4 + -5 + -1 + 5. Suppose c*y = 4 + 5. Suppose y*q + 262 = 4*g, 4*g = 5*q + 68 + 198. What is the greatest common divisor of 8 and g?
8
Suppose 3 = c - 0. Suppose -5 = -y - c. Suppose 102 = 5*f + q - y*q, -10 = 5*q. Calculate the greatest common factor of 220 and f.
20
Let p(b) = -b**2 - 9*b + 7. Let v be p(-13). Let a be (v/(-6))/((-3)/(-4)). Calculate the highest common factor of a and 30.
10
Suppose 2*t + 2*t = p - 13, 3*p - 4*t = 55. Calculate the highest common factor of p and 35.
7
Let b(w) = 25*w**3 + w**2 - 2*w + 1. Let c be b(1). Let x(m) = 0*m**2 - 1 + 5*m**2 + 4*m + 5. Let o be x(4). Calculate the greatest common factor of o and c.
25
Suppose -3*d + x = -19 - 7, -2*x = 2*d - 28. Suppose 3*j = 5*t - 0*t - 4, 4*j + t = d. What is the greatest common divisor of 2 and j?
2
Suppose 119 = j + 118. Let b(t) = t**2 - 8*t + 8. Let u = 21 + -14. Let s be b(u). Calculate the highest common divisor of s and j.
1
Let o = 371 + -350. What is the greatest common factor of o and 112?
7
Let n(v) be the first derivative of 0*v + 4 - 1/2*v**2. Let h be n(-4). Calculate the highest common divisor of 28 and h.
4
Suppose 6*j - 171 - 153 = 0. What is the highest common factor of j and 360?
18
Let a be (-22)/(-6) - (-2)/(-3). Let m = a - -1. Let g = 1769 + -1768. What is the highest common factor of m and g?
1
Let x be 12/28*(-3 - (-1 + -9)). Calculate the highest common factor of x and 3.
3
Let y be (-116)/(-6) + 4/6. Suppose -493*i = -485*i - 400. Calculate the greatest common factor of i and y.
10
Let g(s) = s**2 - 14*s + 17. Suppose -4*f + 63 = 3*b + 27, 36 = 3*b - 2*f. Let q be g(b). Let n = 17 + q. What is the greatest common divisor of n and 80?
10
Let m(b) = -5*b**3 + 7*b**2 - 5*b